{"id":1402,"date":"2015-11-05T16:04:41","date_gmt":"2015-11-05T15:04:41","guid":{"rendered":"https:\/\/mylaserglass.com\/online\/produkt\/stier-2104-2005-wuerfel-diagonal-3d-kristallglas-motive\/"},"modified":"2025-06-30T17:23:59","modified_gmt":"2025-06-30T15:23:59","slug":"sternzeichen-stier-wuerfel-diagonal-3d-motiv","status":"publish","type":"product","link":"https:\/\/mylaserglass.com\/online\/sternzeichen-stier-wuerfel-diagonal-3d-motiv\/","title":{"rendered":"Sternzeichen Stier W\u00fcrfel Diagonal | 3D Motiv"},"content":{"rendered":"<div class=\"fusion-fullwidth fullwidth-box fusion-builder-row-1 fusion-flex-container nonhundred-percent-fullwidth non-hundred-percent-height-scrolling\" style=\"--awb-border-radius-top-left:0px;--awb-border-radius-top-right:0px;--awb-border-radius-bottom-right:0px;--awb-border-radius-bottom-left:0px;--awb-flex-wrap:wrap;\" ><div class=\"fusion-builder-row fusion-row fusion-flex-align-items-flex-start fusion-flex-content-wrap\" style=\"max-width:1430px;margin-left: calc(-4% \/ 2 );margin-right: calc(-4% \/ 2 );\"><div class=\"fusion-layout-column fusion_builder_column fusion-builder-column-0 fusion_builder_column_1_1 1_1 fusion-flex-column\" style=\"--awb-bg-blend:overlay;--awb-bg-size:cover;--awb-width-large:100%;--awb-margin-top-large:0px;--awb-spacing-right-large:1.92%;--awb-margin-bottom-large:0px;--awb-spacing-left-large:1.92%;--awb-width-medium:100%;--awb-spacing-right-medium:1.92%;--awb-spacing-left-medium:1.92%;--awb-width-small:100%;--awb-spacing-right-small:1.92%;--awb-spacing-left-small:1.92%;\"><div class=\"fusion-column-wrapper fusion-flex-justify-content-flex-start fusion-content-layout-column\"><div class=\"fusion-text fusion-text-1\"><p style=\"text-align: center;\">Sternzeichen Stier (21.04. &#8211; 20.05.)<\/p>\n<p style=\"text-align: center;\">Auf Wunsch auch mit Ihren Namen und Geburtsdatum<\/p>\n<p style=\"text-align: left;\">Das von 3D Designern, bis aufs kleinste Detail, aufw\u00e4ndig modellierte dreidimensionale Sternzeichen, Motiv Stier, erstrahlt hochaufl\u00f6send in optisch reinen Kristallglas.<\/p>\n<p>Der Glasblock inkl. Geschenkbox ist massives Kristallglas, das seine Brillanz nie verliert.<\/p>\n<p>Jede einzelne Anfertigung, einer qualitativ hochwertigen 3D Laser Gravur in Kristallglas, erfolgt direkt von uns vor Ort und ist ein einzigartiges Unikat.<\/p>\n<p>Bestellvorgang mit Ihren Text<\/p>\n<p><strong>Service Text Gravur<\/strong><br \/>\nhier geben Sie an, ob ein Name \/ Geburtsdatum mit ins Glas graviert werden soll<\/p>\n<p>LED Leuchtsockel im Lieferumfang nicht enthalten<\/p>\n<p style=\"text-align: center;\">Gravur von Logo, Text und anderen Motiven nur auf Anfrage<\/p>\n<\/div><div class=\"fusion-image-element \" style=\"text-align:center;--awb-margin-top:50PX;--awb-margin-bottom:50PX;--awb-caption-title-font-family:var(--h2_typography-font-family);--awb-caption-title-font-weight:var(--h2_typography-font-weight);--awb-caption-title-font-style:var(--h2_typography-font-style);--awb-caption-title-size:var(--h2_typography-font-size);--awb-caption-title-transform:var(--h2_typography-text-transform);--awb-caption-title-line-height:var(--h2_typography-line-height);--awb-caption-title-letter-spacing:var(--h2_typography-letter-spacing);\"><span class=\" fusion-imageframe imageframe-none imageframe-1 hover-type-none mlg-image\"><img decoding=\"async\" width=\"1200\" height=\"380\" alt=\"Stier - Sternzeichen \/ Zodiac | 3D Motiv Glasinnengravur\" title=\"Stier &#8211; Sternzeichen \/ Zodiac | 3D Motiv Glasinnengravur\" src=\"https:\/\/mylaserglass.com\/online\/wp-content\/uploads\/2015\/11\/stier-sternzeichen-zodiac-3d-motiv-glasinnengravur.jpg\" data-orig-src=\"https:\/\/mylaserglass-com.preview-domain.com\/online\/wp-content\/uploads\/2015\/11\/stier-sternzeichen-zodiac-3d-motiv-glasinnengravur.jpg\" class=\"lazyload img-responsive wp-image-56\" srcset=\"data:image\/svg+xml,%3Csvg%20xmlns%3D%27http%3A%2F%2Fwww.w3.org%2F2000%2Fsvg%27%20width%3D%271200%27%20height%3D%27380%27%20viewBox%3D%270%200%201200%20380%27%3E%3Crect%20width%3D%271200%27%20height%3D%27380%27%20fill-opacity%3D%220%22%2F%3E%3C%2Fsvg%3E\" data-srcset=\"https:\/\/mylaserglass.com\/online\/wp-content\/uploads\/2015\/11\/stier-sternzeichen-zodiac-3d-motiv-glasinnengravur-200x63.jpg 200w, https:\/\/mylaserglass.com\/online\/wp-content\/uploads\/2015\/11\/stier-sternzeichen-zodiac-3d-motiv-glasinnengravur-400x127.jpg 400w, https:\/\/mylaserglass.com\/online\/wp-content\/uploads\/2015\/11\/stier-sternzeichen-zodiac-3d-motiv-glasinnengravur-600x190.jpg 600w, https:\/\/mylaserglass.com\/online\/wp-content\/uploads\/2015\/11\/stier-sternzeichen-zodiac-3d-motiv-glasinnengravur-800x253.jpg 800w, https:\/\/mylaserglass.com\/online\/wp-content\/uploads\/2015\/11\/stier-sternzeichen-zodiac-3d-motiv-glasinnengravur.jpg 1200w\" data-sizes=\"auto\" data-orig-sizes=\"(max-width: 880px) 100vw, 1200px\" \/><\/span><\/div><\/div><\/div><\/div><\/div>\n","protected":false},"excerpt":{"rendered":"<p>3D Glaskristall Motiv \u00bb Sternzeichen Stier W\u00fcrfel Diagonal (21.04. &#8211; 20.05.) \u00ab<\/p>\n<p>Hochwertig, optisch reiner Glas Kristall W\u00fcrfel Diagonal mit einer aufw\u00e4ndigen &amp; detailgetreuen 3D Laser Glasinnengravur, auf Wunsch auch mit Ihren Namen und Geburtsdatum, in unterschiedlichen\u00a0Gr\u00f6\u00dfen inkl. Geschenkbox.<\/p>\n<p style=\"text-align: center;\"><span style=\"color: #a69c6a;\"> EXCLUSIVE 3D GLAS GRAVUR GESCHENKIDEEN <\/span><\/p>\n","protected":false},"featured_media":1397,"template":"","meta":[],"product_brand":[],"product_cat":[83,49,67],"product_tag":[445,446,449,455,456,679,682,684],"class_list":{"0":"post-1402","1":"product","2":"type-product","3":"status-publish","4":"has-post-thumbnail","6":"product_cat-stier-3d-sternzeichen","7":"product_cat-3d-motive","8":"product_cat-3d-sternzeichen","9":"product_tag-glas","10":"product_tag-3d","11":"product_tag-geschenk","12":"product_tag-laser","13":"product_tag-motiv","14":"product_tag-sternzeichen","15":"product_tag-cc-wuerfel","16":"product_tag-stier-21-04-20-05","17":"pa_masse-60x60x60mm-80x80x80mm","18":"pa_material-optisch-reines-k9-kristallglas","19":"pa_sizeccc-cc60-60x60x60mm","20":"pa_sizeccc-cc80-80x80x80mm","21":"pa_verfugbarkeit-in-unterschiedlichen-glasgroessen","22":"pa_verpackung-schwarze-geschenkbox","23":"pa_zubehor-led-leuchtsockel-im-lieferumfang-nicht-enthalten","24":"wcpa_has_options","26":"first","27":"instock","28":"sold-individually","29":"taxable","30":"shipping-taxable","31":"purchasable","32":"product-type-variable"},"wcpa_form_fields":{"wcpaData":{"product":{"product_price":59,"price_html":"ab <span class=\"woocommerce-Price-amount amount\"><bdi>59,00&nbsp;<span class=\"woocommerce-Price-currencySymbol\">&euro;<\/span><\/bdi><\/span>","original_product_price":59,"price_including_tax":59,"price_excluding_tax":49.579831999999996,"product_id":{"parent":1402,"variation":false},"is_variable":true,"stock_status":"instock","stock_quantity":null,"parent_sku":"","product_attributes":{"pa_sizeccc":{"is_variation":true,"values":[]},"pa_verfugbarkeit":{"is_variation":false,"values":["in-unterschiedlichen-glasgroessen"]},"pa_masse":{"is_variation":false,"values":["60x60x60mm-80x80x80mm"]},"pa_material":{"is_variation":false,"values":["optisch-reines-k9-kristallglas"]},"pa_verpackung":{"is_variation":false,"values":["schwarze-geschenkbox"]},"pa_zubehor":{"is_variation":false,"values":["led-leuchtsockel-im-lieferumfang-nicht-enthalten"]}},"custom_fields":[],"is_taxable":true,"product_name":"Sternzeichen Stier W\u00fcrfel Diagonal | 3D Motiv","hasImage":false},"fields":{"sec_1064dcb50716ae7":{"extra":{"key":"sec_1064dcb50716ae7","section_id":"sec_1064dcb50716ae7","name":"","status":1,"cl_rule":"show","enableCl":false,"relations":[],"toggle":true,"title_tag":"h3","show_title":false,"showPrice":"default","layout_option":"standard","accordionOpen":false,"form_id":24618,"form_rules":{"exclude_from_discount":false,"fee_label":"Glasgr\u00f6\u00dfe -\/+:","disp_hide_options_price":false,"disp_show_section_price":false,"disp_show_field_price":true,"layout_option":"standard","pric_use_as_fee":false,"process_fee_as":"woo_fee"}},"fields":[[{"active":true,"col":6,"relations":false,"cl_rule":"show","enableCl":false,"price":"","enablePrice":false,"className":"","label_position":"default","desc_position":"default","type":"header","required":false,"elementId":"header_064dcb50716b0e","label":"GLAS INDIVIDUELL GESTALTEN","subtype":"h3","error":false,"enableDesign":true,"LabelColor":"#427ed1","LabelSize":"20","gt_translate_keys":["label"],"price_dependency":false,"cl_dependency":false,"value":""}],[{"active":true,"col":6,"relations":false,"cl_rule":"show","enableCl":false,"price":"","enablePrice":false,"className":"","label_position":"default","desc_position":"default","type":"separator","required":false,"elementId":"separator_164dcb50716b18","label":"Separator Field","height":"5","separatorType":"blank","error":false,"gt_translate_keys":["label"],"price_dependency":false,"cl_dependency":false,"value":""}],[{"active":true,"col":6,"relations":false,"cl_rule":"show","enableCl":false,"price":"","enablePrice":true,"className":"","label_position":"default","desc_position":"default","type":"select","required":true,"elementId":"select_1214821846","label":"SERVICE | TEXT","name":"select_1214821846","values":[{"label":"Kein Text | Service","value":"Option - 1","selected":false,"tempId":"aco_2959","price":"0","gt_translate_keys":["label"]},{"label":"Mit Text | Service","value":"Option - 2","selected":false,"tempId":"aco_2960","price":"10","gt_translate_keys":["label"]}],"dropdown_type":"basic","error":false,"description":"hier w\u00e4hlen Sie den gew\u00fcnschten SERVICE f\u00fcr Ihre personalisierte Glasgravur aus","placeholder":"Serviceauswahl","priceOptions":"different_for_all","pricingType":"fixed","use_as_fee":false,"gt_translate_keys":["label","placeholder","description"],"price_dependency":false,"cl_dependency":["separator_964dcb50716b70","text_664dcb50716b74"],"value":""}],[{"elementId":"separator_964dcb50716b70","separatorType":"blank","className":"","height":"10","enableCl":true,"relations":[{"operator":false,"rules":[{"operator":"AND","rules":{"cl_field":"select_1214821846","cl_relation":"is","cl_val":"Option - 2"}}]}],"cl_rule":"show","col":6,"type":"separator","error":false,"gt_translate_keys":[],"price_dependency":false,"cl_dependency":false,"value":""}],[{"active":true,"col":6,"relations":[{"operator":false,"rules":[{"operator":"AND","rules":{"cl_field":"select_1214821846","cl_relation":"is","cl_val":"Option - 2"}}]}],"cl_rule":"show","enableCl":true,"price":"","enablePrice":false,"className":"","label_position":"default","desc_position":"default","type":"text","subtype":"text","required":true,"elementId":"text_664dcb50716b74","label":"SERVICE TEXT | GRAVUR","name":"text_664dcb50716b74","value":"","error":false,"description":"Hier geben Sie Ihren TEXT ein<br \/>\nIhnen stehen je nach Glas mehrere Zeilen (+ ZEILE HINZUF\u00dcGEN) zur Verf\u00fcgung","tooltip":"INFO!<br \/>\nTEXTL\u00c4NGE sollte zur GLASGR\u00d6\u00dfE \/ FORMAT passen","placeholder":"z.B. Datum oder Name","repeater":true,"repeater_field_label":"","repeater_bind":"","repeater_max":"1","hideFieldIn_cart":false,"pricingType":"fixed","isTemplate":false,"mapToCheckout":false,"gt_translate_keys":["label","placeholder","description","value","tooltip","repeater_field_label"],"price_dependency":false,"cl_dependency":false}],[{"elementId":"separator_464dcb50716b79","separatorType":"blank","className":"","height":"10","enableCl":false,"relations":false,"cl_rule":"show","col":6,"type":"separator","gt_translate_keys":[],"price_dependency":false,"cl_dependency":false,"value":""}],[{"active":true,"col":6,"relations":false,"cl_rule":"show","enableCl":false,"price":"","enablePrice":false,"className":"","label_position":"default","desc_position":"default","type":"content","required":false,"elementId":"content_1064dcb50716b7e","label":"","name":"content_1064dcb50716b7e","contentType":"plain","value":"<p style=\"text-align:center;\">Gravur von Vektorgrafik & spezielle 2D \/ 3D Formate nur auf Anfrage<\/p>","error":false,"inline":false,"enableDesign":true,"LabelColor":"","LabelSize":"","DescColor":"#dfc38b","DescSize":"16","gt_translate_keys":["label","value"],"price_dependency":false,"cl_dependency":false}]]}},"config":{"price_override":"","enable_recaptcha":false,"bind_quantity":false,"quantity_bind_formula":false,"disp_summ_show_option_price":false,"disp_summ_show_product_price":true,"disp_summ_show_total_price":true,"disp_summ_show_fee":true,"disp_summ_show_discount":true,"summary_title":"Gesamtpreis f\u00fcr das individuelle Kristallglas","options_total_label":"Servicepreis:","total_label":"Gesamtpreis:","options_product_label":"Produktpreis:","fee_label":"Glasgr\u00f6\u00dfe -\/+:","discount_label":"Rabatt","has_price":true,"has_quantity_formula":false},"mc_unit":1,"tax_rate":1,"tax_rate_real":0.19,"discount":{"percentage":0,"fixed":0},"design":{"conf":{"LabelPosition":"above","DescPosition":"above","UploadField":"custom_1","QuantityFieldStyle":"default"},"css":{"LeftLabelWidth":"120px"}},"formulas":[],"clones":false,"cartKey":false}},"_links":{"self":[{"href":"https:\/\/mylaserglass.com\/online\/wp-json\/wp\/v2\/product\/1402","targetHints":{"allow":["GET"]}}],"collection":[{"href":"https:\/\/mylaserglass.com\/online\/wp-json\/wp\/v2\/product"}],"about":[{"href":"https:\/\/mylaserglass.com\/online\/wp-json\/wp\/v2\/types\/product"}],"wp:featuredmedia":[{"embeddable":true,"href":"https:\/\/mylaserglass.com\/online\/wp-json\/wp\/v2\/media\/1397"}],"wp:attachment":[{"href":"https:\/\/mylaserglass.com\/online\/wp-json\/wp\/v2\/media?parent=1402"}],"wp:term":[{"taxonomy":"product_brand","embeddable":true,"href":"https:\/\/mylaserglass.com\/online\/wp-json\/wp\/v2\/product_brand?post=1402"},{"taxonomy":"product_cat","embeddable":true,"href":"https:\/\/mylaserglass.com\/online\/wp-json\/wp\/v2\/product_cat?post=1402"},{"taxonomy":"product_tag","embeddable":true,"href":"https:\/\/mylaserglass.com\/online\/wp-json\/wp\/v2\/product_tag?post=1402"}],"curies":[{"name":"wp","href":"https:\/\/api.w.org\/{rel}","templated":true}]}}